the prime factors of 875995.
5, 19, 9221
List the prime factors of 1905240.
2, 3, 5, 15877
What are the prime factors of 7506859?
1747, 4297
What are the prime factors of 57713?
57713
What are the prime factors of 348456?
2, 3, 14519
List the prime factors of 17713391.
1811, 9781
List the prime factors of 12066628.
2, 7, 23, 41, 457
What are the prime factors of 197295?
3, 5, 7, 1879
What are the prime factors of 3986933?
89, 44797
What are the prime factors of 11974843?
67, 367, 487
List the prime factors of 448255.
5, 37, 2423
What are the prime factors of 462718?
2, 231359
What are the prime factors of 30133482?
2, 3, 83, 60509
What are the prime factors of 1191573?
3, 43, 3079
What are the prime factors of 14362?
2, 43, 167
List the prime factors of 5433728.
2, 42451
What are the prime factors of 15335727?
3, 11, 541, 859
List the prime factors of 3655302.
2, 3, 7, 12433
What are the prime factors of 1001529?
3, 257, 433
List the prime factors of 688959.
3, 17, 19, 79
What are the prime factors of 17896174?
2, 8948087
What are the prime factors of 3249753?
3, 13, 103, 809
What are the prime factors of 312528?
2, 3, 17, 383
What are the prime factors of 495611?
495611
List the prime factors of 3237653.
3237653
List the prime factors of 4403654.
2, 2201827
List the prime factors of 17658064.
2, 1103629
List the prime factors of 279403.
31, 9013
List the prime factors of 9342580.
2, 5, 13, 35933
What are the prime factors of 305986?
2, 152993
What are the prime factors of 97247?
31, 3137
What are the prime factors of 14201769?
3, 139, 34057
List the prime factors of 248593.
248593
What are the prime factors of 1114882?
2, 19, 29339
List the prime factors of 15791479.
11, 1435589
What are the prime factors of 3078441?
3, 342049
List the prime factors of 6221443.
191, 32573
What are the prime factors of 2167050?
2, 3, 5, 14447
What are the prime factors of 1131340?
2, 5, 7, 8081
What are the prime factors of 228594?
2, 3, 31, 1229
What are the prime factors of 35321402?
2, 233, 75797
List the prime factors of 1326077.
43, 30839
List the prime factors of 6395187.
3, 59, 36131
What are the prime factors of 7833949?
1451, 5399
What are the prime factors of 1892750?
2, 5, 67, 113
List the prime factors of 571260.
2, 3, 5, 9521
List the prime factors of 2487889.
1429, 1741
List the prime factors of 109950.
2, 3, 5, 733
List the prime factors of 18785519.
2423, 7753
List the prime factors of 101786.
2, 50893
List the prime factors of 375379.
31, 12109
List the prime factors of 508999.
67, 71, 107
What are the prime factors of 1132083?
3, 23, 1823
What are the prime factors of 156865?
5, 137, 229
List the prime factors of 356903.
29, 31, 397
What are the prime factors of 22671295?
5, 223, 20333
List the prime factors of 79589.
79589
List the prime factors of 7972122.
2, 3, 23, 41, 1409
List the prime factors of 3312209.
3312209
List the prime factors of 1559710.
2, 5, 19, 8209
List the prime factors of 193729.
23, 8423
What are the prime factors of 8304209?
8304209
List the prime factors of 1288291.
1288291
What are the prime factors of 278179?
11, 19
What are the prime factors of 113045?
5, 23, 983
What are the prime factors of 147905?
5, 29581
What are the prime factors of 2399191?
37, 61, 1063
List the prime factors of 131705.
5, 7, 53, 71
What are the prime factors of 5175987?
3, 173, 9973
What are the prime factors of 372148?
2, 7, 13291
List the prime factors of 1201238.
2, 29, 139, 149
List the prime factors of 7169391.
3, 61, 1451
List the prime factors of 2043828.
2, 3, 56773
What are the prime factors of 223825?
5, 7, 1279
List the prime factors of 9762764.
2, 11, 23, 877
List the prime factors of 46674.
2, 3, 2593
What are the prime factors of 234234?
2, 3, 7, 11, 13
List the prime factors of 1886194.
2, 943097
List the prime factors of 1544489.
1544489
List the prime factors of 82048.
2, 641
What are the prime factors of 2896140?
2, 3, 5, 13, 47, 79
List the prime factors of 4750019.
19, 53, 89
What are the prime factors of 24740835?
3, 5, 7, 41, 821
What are the prime factors of 1195319?
367, 3257
List the prime factors of 2489570.
2, 5, 19, 13103
What are the prime factors of 3504342?
2, 3, 584057
What are the prime factors of 664735?
5, 132947
List the prime factors of 292182.
2, 3, 11, 19, 233
What are the prime factors of 3557594?
2, 23, 77339
List the prime factors of 273994.
2, 7, 19571
List the prime factors of 1762043.
823, 2141
List the prime factors of 8465674.
2, 7, 37, 59, 277
List the prime factors of 18568.
2, 11, 211
List the prime factors of 13010992.
2, 269, 3023
List the prime factors of 33315.
3, 5, 2221
List the prime factors of 147800.
2, 5, 739
What are the prime factors of 13917810?
2, 3, 5, 43, 10789
What are the prime factors of 2294059?
2294059
List the prime factors of 343518.
2, 3, 7, 8179
What are the prime factors of 9977470?
2, 5, 17, 19, 3089
List the prime factors of 2250687.
3, 750229
List the prime factors of 16523.
13, 31, 41
What are the prime factors of 10398997?
7, 1485571
List the prime factors of 6912678.
2, 3, 1152113
What are the prime factors of 4515608?
2, 17, 33203
What are the prime factors of 113933?
113933
List the prime factors of 13669615.
5, 17, 73, 2203
List the prime factors of 4710461.
7, 19, 107, 331
List the prime factors of 2795493.
3, 653, 1427
What are the prime factors of 666444?
2, 3, 19, 37, 79
List the prime factors of 1612573.
659, 2447
List the prime factors of 224108.
2, 179, 313
What are the prime factors of 6187155?
3, 5, 13, 31729
What are the prime factors of 7271417?
47, 131, 1181
What are the prime factors of 4622046?
2, 3, 11, 13, 5387
What are the prime factors of 259783?
259783
List the prime factors of 26896918.
2, 13448459
What are the prime factors of 2553275?
5, 41, 47, 53
List the prime factors of 167022.
2, 3, 1031
List the prime factors of 127145.
5, 59, 431
List the prime factors of 4648857.
3, 1549619
What are the prime factors of 833220?
2, 3, 5, 1543
List the prime factors of 17770063.
17770063
What are the prime factors of 13090628?
2, 47, 179, 389
What are the prime factors of 491691?
3, 17, 31, 311
List the prime factors of 37043655.
3, 5, 11, 461, 487
What are the prime factors of 631603?
7, 23, 3923
List the prime factors of 34836.
2, 3, 2903
What are the prime factors of 242458?
2, 121229
List the prime factors of 1923490.
2, 5, 23, 8363
List the prime factors of 426141.
3, 5261
What are the prime factors of 57023?
127, 449
List the prime factors of 10922655.
3, 5, 271, 2687
List the prime factors of 1356435.
3, 5, 43, 701
What are the prime factors of 2924342?
2, 1462171
What are the prime factors of 966316?
2, 13, 18583
List the prime factors of 5601304.
2, 89, 7867
What are the prime factors of 564717?
3, 29, 6491
What are the prime factors of 2414202?
2, 3, 7, 47, 1223
What are the prime factors of 592414?
2, 67, 4421
List the prime factors of 1853136.
2, 3, 17, 757
What are the prime factors of 909041?
7, 17, 7639
What are the prime factors of 3032169?
3, 7, 20627
What are the prime factors of 6496498?
2, 239, 13591
List the prime factors of 408422.
2, 7, 29173
List the prime factors of 73111.
113, 647
List the prime factors of 1842220.
2, 5, 92111
What are the prime factors of 2169495?
3, 5, 37, 1303
List the prime factors of 391991.
71, 5521
What are the prime factors of 192034?
2, 96017
What are the prime factors of 854302?
2, 427151
What are the prime factors of 2775308?
2, 693827
List the prime factors of 9368254.
2, 7, 19, 41, 859
What are the prime factors of 84258?
2, 3, 31, 151
List the prime factors of 5924144.
2, 37, 10007
List the prime factors of 174399.
3, 61, 953
What are the prime factors of 18130714?
2, 7, 1295051
List the prime factors of 259271.
259271
What are the prime factors of 5870113?
5870113
List the prime factors of 836619.
3, 7, 39839
List the prime factors of 7712694.
2, 3, 11, 38953
What are the prime factors of 947967?
3, 19, 16631
What are the prime factors of 3100822?
2, 37, 41903
What are the prime factors of 5074893?
3, 62653
List the prime factors of 518419.
11, 47129
What are the prime factors of 8108650?
2, 5, 11, 23, 641
List the prime factors of 439832.
2, 54979
List the prime factors of 113509.
11